 of 20961515?
6
What is the tens digit of 556239?
3
What is the tens digit of 1953100?
0
What is the thousands digit of 23237846?
7
What is the thousands digit of 333257?
3
What is the units digit of 204749?
9
What is the ten thousands digit of 44552?
4
What is the millions digit of 28979156?
8
What is the ten thousands digit of 810658?
1
What is the hundred thousands digit of 22427174?
4
What is the hundreds digit of 17177853?
8
What is the hundreds digit of 177043?
0
What is the units digit of 71145?
5
What is the thousands digit of 345144?
5
What is the tens digit of 742552?
5
What is the units digit of 3008731?
1
What is the hundred thousands digit of 590471?
5
What is the thousands digit of 356773?
6
What is the thousands digit of 17314252?
4
What is the thousands digit of 999563?
9
What is the millions digit of 6544445?
6
What is the units digit of 2542404?
4
What is the hundreds digit of 444102?
1
What is the hundreds digit of 1084356?
3
What is the thousands digit of 10118757?
8
What is the tens digit of 4686094?
9
What is the tens digit of 9184160?
6
What is the thousands digit of 383888?
3
What is the ten millions digit of 16172623?
1
What is the hundred thousands digit of 5984114?
9
What is the thousands digit of 311920?
1
What is the hundred thousands digit of 1845214?
8
What is the units digit of 6131550?
0
What is the ten thousands digit of 4204568?
0
What is the millions digit of 21924268?
1
What is the units digit of 3327498?
8
What is the ten thousands digit of 279712?
7
What is the thousands digit of 1224320?
4
What is the tens digit of 143496?
9
What is the ten thousands digit of 2547920?
4
What is the hundred thousands digit of 1579449?
5
What is the tens digit of 172760?
6
What is the thousands digit of 2135127?
5
What is the ten thousands digit of 536463?
3
What is the thousands digit of 305480?
5
What is the hundreds digit of 3278916?
9
What is the units digit of 617728?
8
What is the hundreds digit of 667004?
0
What is the thousands digit of 6367860?
7
What is the units digit of 412127?
7
What is the tens digit of 184342?
4
What is the tens digit of 3491105?
0
What is the tens digit of 4992?
9
What is the hundred thousands digit of 4439702?
4
What is the ten thousands digit of 337872?
3
What is the millions digit of 5623698?
5
What is the hundred thousands digit of 18154233?
1
What is the ten thousands digit of 416399?
1
What is the units digit of 782294?
4
What is the thousands digit of 476602?
6
What is the millions digit of 7691856?
7
What is the thousands digit of 803466?
3
What is the tens digit of 415105?
0
What is the thousands digit of 1906929?
6
What is the hundreds digit of 1310587?
5
What is the tens digit of 84074?
7
What is the hundred thousands digit of 4516775?
5
What is the hundreds digit of 212107?
1
What is the tens digit of 189650?
5
What is the hundreds digit of 713065?
0
What is the hundreds digit of 527045?
0
What is the thousands digit of 32677?
2
What is the ten thousands digit of 17234304?
3
What is the tens digit of 4657159?
5
What is the hundred thousands digit of 2982079?
9
What is the hundred thousands digit of 340480?
3
What is the ten thousands digit of 512697?
1
What is the ten thousands digit of 319573?
1
What is the tens digit of 622057?
5
What is the thousands digit of 456038?
6
What is the hundreds digit of 1993614?
6
What is the ten thousands digit of 2033610?
3
What is the ten thousands digit of 5678837?
7
What is the units digit of 2426344?
4
What is the tens digit of 5501089?
8
What is the units digit of 1229476?
6
What is the millions digit of 2786984?
2
What is the millions digit of 18656089?
8
What is the units digit of 10534936?
6
What is the tens digit of 1267027?
2
What is the hundred thousands digit of 15563944?
5
What is the hundreds digit of 592509?
5
What is the units digit of 1555074?
4
What is the millions digit of 21652478?
1
What is the hundreds digit of 144526?
5
What is the thousands digit of 1568640?
8
What is the hundred thousands digit of 4767951?
7
What is the tens digit of 704329?
2
What is the hundreds digit of 101257?
2
What is the tens digit of 809806?
0
What is the millions digit of 1042126?
1
What is the units digit of 294421?
1
What is the hundred thousands digit of 293965?
2
What is the thousands digit of 1158367?
8
What is the thousands digit of 21698318?
8
What is the units digit of 36017597?
7
What is the millions digit of 3450059?
3
What is the tens digit of 23257?
5
What is the ten thousands digit of 274369?
7
What is the millions digit of 17348064?
7
What is the ten thousands digit of 189765?
8
What is the units digit of 2209869?
9
What is the ten thousands digit of 2157522?
5
What is the millions digit of 1826143?
1
What is the hundred thousands digit of 916390?
9
What is the hundred thousands digit of 15142005?
1
What is the hundreds digit of 7431373?
3
What is the units digit of 19943?
3
What is the hundreds digit of 3892648?
6
What is the units digit of 36343299?
9
What is the ten thousands digit of 318109?
1
What is the units digit of 98875?
5
What is the tens digit of 1834578?
7
What is the thousands digit of 3109386?
9
What is the units digit of 3096194?
4
What is the millions digit of 18228236?
8
What is the hundreds digit of 58617?
6
What is the thousands digit of 1055347?
5
What is the tens digit of 961993?
9
What is the hundreds digit of 377412?
4
What is the units digit of 3044998?
8
What is the hundreds digit of 2858755?
7
What is the thousands digit of 329976?
9
What is the hundred thousands digit of 4575215?
5
What is the ten thousands digit of 853530?
5
What is the hundreds digit of 227686?
6
What is the hundreds digit of 964883?
8
What is the millions digit of 14597579?
4
What is the hundred thousands digit of 26751547?
7
What is the tens digit of 74696?
9
What is the thousands digit of 296774?
6
What is the ten thousands digit of 103037?
0
What is the thousands digit of 288016?
8
What is the units digit of 16485702?
2
What is the thousands digit of 7318766?
8
What is the ten thousands digit of 271207?
7
What is the thousands digit of 4486425?
6
What is the ten thousands digit of 1649832?
4
What is the ten thousands digit of 3845450?
4
What is the millions digit of 15018884?
5
What is the thousands digit of 6419647?
9
What is the tens digit of 14720?
2
What is the thousands digit of 143734?
3
What is the hundreds digit of 30503?
5
What is the thousands digit of 11142155?
2
What is the ten thousands digit of 143776?
4
What is the ten thousands digit of 5919291?
1
What is the hundred thousands digit of 704553?
7
What is the thousands digit of 486275?
6
What is the hundred thousands digit of 32785092?
7
What is the thousands digit of 19241031?
1
What is the thousands digit of 655278?
5
What is the units digit of 651242?
2
What is the hundred thousands digit of 350059?
3
What is the units digit of 6536481?
1
What is the thousands digit of 1466090?
6
What is the millions digit of 2468830?
2
What is the hundred thousands digit of 3952086?
9
What is the tens digit of 461844?
4
What is the hundreds digit of 92690?
6
What is the millions digit of 13624053?
3
What is the units digit of 2698120?
0
What is the tens digit of 7279953?
5
What is the units digit of 2822529?
9
What is the hundreds digit of 246484?
4
What is the ten thousands digit of 89554?
8
What is the ten thousands digit of 622334?
2
What is the hundreds digit of 60725?
7
What is the hundred thousands digit of 7192448?
1
What is the hundred thousands digit of 2123415?
1
What is the tens digit of 1391237?
3
What is the ten thousands digit of 383878?
8
What is the units digit of 1402493?
3
What is the millions digit of 25714013?
5
What is the millions digit of 2447852?
2
What is the tens digit of 96216?
1
What is the thousands digit of 491513?
1
What is the ten thousands digit of 11161554?
6
What is the tens digit of 4720234?
3
What is the hundreds digit of 27337041?
0
What is the hundreds digit of 714486?
4
What is the thousands digit of 8468248?
8
What is the hundred thousands digit of 487940?
4
What is the hundreds digit of 325908?
9
What is the ten thousands digit of 1485240?
8
What is the units digit of 144016?
6
What is the hundred thousands digit of 16135973?
1
What i